3 - 11713*j**2. Give u(-21).
58
Let t(x) be the first derivative of -x**4/24 + x**3/3 - 13*x**2 + 2*x + 66. Let u(p) be the second derivative of t(p). What is u(4)?
-2
Let y(h) be the third derivative of -h**6/120 + h**5/6 + 5*h**4/12 - 4*h**3 + 214*h**2 + 10*h. What is y(11)?
-35
Let j(i) = 49 + 334*i - 329*i - 59. What is j(6)?
20
Let u(a) be the third derivative of 1/24*a**4 - 5/2*a**3 + 0*a + 6 + 13*a**2. Suppose w = 4*w. Calculate u(w).
-15
Let p(w) be the second derivative of -w**5/20 - 2*w**4/3 - 11*w**3/6 - 9*w**2/2 + 67*w - 1. Let r be 2 - 3 - -3 - 9. What is p(r)?
19
Suppose -8*l = 6*l - 994. Suppose 3*t + 21 = -x, -5*x + 15*t = 13*t + l. Let i(b) = b**2 + 15*b + 2. Calculate i(x).
2
Let i(p) = -p**2 - 7*p - 6. Let g be (-6 + -9)/(-15) + -6. Let x(l) = -l - 1. Let b(t) = 4*t + 20. Let o(v) = -b(v) - x(v). Let c be o(g). What is i(c)?
6
Let t(y) = 214*y + 59. Let c(f) = 40*f. Let d(s) = -5*c(s) + t(s). Calculate d(-4).
3
Let x(w) = 3*w - 7. Let n(i) = -i + 3. Suppose -2*p - p + 18 = 0. Suppose 3*s + 3 = -2*q - p, 5*s + 15 = 4*q. Let g be n(s). Give x(g).
11
Let d(g) = -g**2 - 7*g - 3. Let z(t) = -t + 7. Let n be z(5). Suppose -2*f - 27 = 5*w, -n*w - 2*f - 2 = 4. Let x be d(w). Let u(s) = s**2 - 1. Calculate u(x).
8
Suppose 0 = 98*l - 92*l - 66. Let t(m) = -6*m**2 + 16*m + 2. Let g(d) = -7*d**2 + 17*d + 3. Let q(o) = -5*g(o) + 6*t(o). Determine q(l).
-3
Let i(g) = 3*g**2. Let t be i(-1). Suppose 2*k + t*k - 25 = 0. Let p(x) = -3 + 70*x**2 + 5*x + 65*x**2 - 136*x**2 + 0*x. Calculate p(k).
-3
Let x(r) = 116 + r - 55 - 59 - 22*r**2 - 4*r. Determine x(1).
-23
Let y(r) be the third derivative of 0*r - 40*r**2 + 5/24*r**4 + 1/6*r**3 - 1/120*r**6 - 1/60*r**5 + 0. What is y(-4)?
29
Suppose 5*g - 40 = 5*v, -v - 2*g = -18 + 29. Let q(m) = m**2 + 11*m + 13. Calculate q(v).
-5
Let r(n) = 2*n - 3. Let m(l) = -3*l**2 + 15*l - 2. Let b be m(-4). Let q = b - -106. What is r(q)?
-11
Let a(x) = 16*x - 22. Let t be a(11). Let k(m) = 315*m**2 - 160*m**2 - 9*m - t*m**2. What is k(5)?
-20
Let a(i) = -3*i**2 + 2*i - 1. Let m(q) = 13*q - 25. Let b be m(2). Let x be 1/(-1) + 3 - b. What is a(x)?
-2
Let i(m) be the third derivative of 0*m - 19*m**2 - 5/12*m**4 + 5/6*m**3 + 0. Let j(p) = 15*p - 8. Let t(x) = -8*i(x) - 5*j(x). What is t(-2)?
-10
Let g(v) = v**3 - 3*v**2. Let w(a) = a**2 - 4. Suppose 5*j = -3*l - 5, 2*j + 4 - 2 = 4*l. Let c be w(l). Let b be (6/(-5))/(1/(10/c)). What is g(b)?
0
Let p(u) = -448*u - 150 + 449*u + 132. Let f(y) = y**2 + 9. Let t be f(0). Calculate p(t).
-9
Let k(w) be the second derivative of -w**4/12 - w**3/2 + 3*w**2/2 + 2*w - 59. Let y be (-4 + 2)*(-1 - (2 - 2)). Calculate k(y).
-7
Let t(d) = -2*d + 14. Let m = 143 - -213. Let u = -349 + m. What is t(u)?
0
Let w(y) = -2*y - 39. Let g(j) = -20*j**3 + 18*j**2 - 23*j + 4. Let h be g(1). Determine w(h).
3
Let o(n) = -8*n + 13. Let c(k) = 9*k - 13. Let b(g) = g + 19. Suppose 0 = 2*p - 1 + 25. Let f be b(p). Let u(x) = f*o(x) + 6*c(x). Give u(9).
-5
Let f(k) = 77*k + 39. Let n(l) = -25*l - 13. Let g(b) = 4*f(b) + 14*n(b). Let d(j) = 15*j + 9. Let w(x) = 11*d(x) + 4*g(x). Give w(-7).
16
Let c(s) = -41*s**3 + 9*s**2 + 18*s - 5. Let u(l) = -75*l**3 + 17*l**2 + 31*l - 9. Let m(b) = 11*c(b) - 6*u(b). What is m(-6)?
35
Let l(o) = -36*o - 245. Let w be l(-7). Let n be 14/w + 63/(-7). Let j(m) = 2 - 3 + m - 2*m. Calculate j(n).
6
Let y(v) = 3*v**2 - 1 - 256*v + 4 + 261*v. Let k(x) = -4*x**2 - 7*x - 5. Let m(t) = -5*k(t) - 7*y(t). Determine m(-3).
-5
Let s(d) = -d**3 + d**2 + 6*d - 4. Suppose -96*o = 110*o - 618. Calculate s(o).
-4
Let n = 9408 + -9434. Let j(h) = h**2 + 27*h + 30. Give j(n).
4
Let s(h) = h**2 - 13*h + 2. Let d be s(13). Let a be (d + 2/1)*10/20. Suppose -3*v + 1 = -5*g, 4*g = a*v + 2 - 4. Let y(z) = 2*z**2 - z + 3. Determine y(v).
24
Let z(b) be the third derivative of b**5/60 - 7*b**4/24 + 7*b**3/6 + 2*b**2 - b + 4717. Let u be 22/4 - 1/(-2). What is z(u)?
1
Let m be (0 - 1)/(-1 + 36/32). Suppose -2*t - 3 = 2*b - 9, -39 = -5*t + 3*b. Let v(f) = 0*f + 6 + f - t + 2. Determine v(m).
-6
Let p(k) = k**3 - 42*k**2 + 209*k + 258. Let i be p(36). Let y(q) = -2*q**2 + 9. Give y(i).
-63
Let u(l) = -6 + 0*l - 3*l + 8*l. Let v(s) = -13*s + 17. Let m(k) = -8*u(k) - 3*v(k). Calculate m(-4).
1
Let p be (1/(-5) + (-207)/90)*-18. Let t = 50 - p. Suppose 13 = -5*m - 4*j + t*j, -4*m = 5*j - 7. Let y(w) = w + 2. Give y(m).
0
Let p(r) = -3*r**2 + 143*r + 2. Let a(x) = -x**2 + 35*x + 1. Let z(d) = -4*a(d) + p(d). What is z(3)?
16
Let u = -202 + 209. Let d(j) = -6*j - 5*j**2 - u*j**2 + 11*j**2 + 2*j**2 - 6. Give d(7).
1
Let b(r) = -r + 1. Let l(q) = 3*q - 8. Let u(j) = -14*b(j) - 2*l(j). Let y = -991 - -991. Let z be ((-2)/(-2))/(8/16) + y. Determine u(z).
18
Let w(y) = -10*y**3 + y**2. Suppose 6*n + 593 + 247 = 0. Let v = n + 141. Determine w(v).
-9
Let h be 286/1001 - 52/(-14). Suppose 3*j + 4 = -j. Let b(n) = 2*n**2 - 3*n - 5. Let o(l) = l**2 + l - 1. Let x(m) = j*b(m) + o(m). Give x(h).
4
Let z(k) = 15*k - 1. Suppose 6 = f - 4. Let h(v) = -10*v + f*v + 8*v. Let g(j) = -5*h(j) + 3*z(j). What is g(2)?
7
Let w(t) be the first derivative of -t**5/40 + t**4/24 - 2*t**3/3 - 68*t + 170. Let n(h) be the third derivative of w(h). Determine n(-6).
19
Let f(r) be the first derivative of 4*r**2 - r + 17581. Suppose 0 = 2*s + 3*u + 6, s - 5*s = 3*u + 12. What is f(s)?
-25
Let o = -585 - -590. Let y(a) = -a**3 + 9*a**2 - 5*a - 8. Let u(b) = -2*b**3 + 19*b**2 - 10*b - 17. Let x(z) = o*y(z) - 2*u(z). Give x(6).
0
Let r(t) = 5*t + 54. Let q be (0/1 + 1)/(-1)*13 + 1. Determine r(q).
-6
Let j be (-1)/(-4 - -5 - 2)*-1. Let m(g) be the first derivative of g**4/2 - g**3/6 - g**2/2 - 5*g + 1. Let z(h) be the first derivative of m(h). What is z(j)?
6
Let f(x) = 18*x + 75. Let c be f(-4). Let o(t) = 1 - t + c*t + t - 8 + 0*t. What is o(-5)?
-22
Let l(d) = 3 + 1177*d - 193*d + 4*d**2 - 192*d - 787*d - d**3. Let z be ((-10)/4)/(2/(-4)). What is l(z)?
3
Let w(c) = -5*c - 6*c + 5*c + c**2 + 22 - 3*c. Determine w(2).
8
Let m(c) = -4. Let o = 257 - 259. Let w(k) = -7*k. Let a(q) = 13*q. Let d(j) = -6*a(j) - 11*w(j). Let r(l) = o*d(l) - m(l). Determine r(-5).
-6
Let i(r) = r**3 - 26*r**2 + r - 25. Let k = 365 - 339. What is i(k)?
1
Let j = 84 + -82. Suppose 0 = -j*r + c - 0*c, 0 = r + 2*c + 5. Let d(v) = -32*v**2 - v - 1. What is d(r)?
-32
Let w(r) be the third derivative of r**8/1344 + r**7/2520 + r**6/720 + 3*r**4/4 - r**3/3 - 43*r**2. Let n(a) be the second derivative of w(a). Calculate n(-1).
-5
Let j(g) = 9*g - 216. Let y be j(34). Let a be (-5)/(45/2)*y/(-10). Let l(r) = -r**2 + r + 1. Give l(a).
-1
Suppose 143*l - 141*l = -116. Let b be (-5*(-1)/2)/((-29)/l). Let u(k) = k - 7. Determine u(b).
-2
Let c(t) be the third derivative of 1/30*t**5 + 1/3*t**3 + 0*t + 71*t**2 + 0 + 1/24*t**4. Determine c(-2).
8
Let x(j) = -27*j - 76. Let n(z) = 29*z + 82. Let m(i) = 4*n(i) + 5*x(i). Determine m(-3).
5
Let u be (14 - -1)*-3*(-10)/45. Let h(y) = -5*y + 35. Determine h(u).
-15
Let a(r) be the first derivative of 2*r**3/3 + 4*r**2 - 1433. Calculate a(-5).
10
Let t(b) = -17*b + 0 - 2 - 1 + 16*b + 0. Suppose -96 + 36 = -12*x. Let u(f) = -f**3 + 3*f**2 + 11*f - 8. Let i be u(x). What is t(i)?
0
Let v(i) = -11*i**2 - 25*i - 4. Let n be (25 - (-7371)/(-297))/(1/(-11)). Calculate v(n).
2
Let t(b) = 14*b - 30. Let y(i) = 5*i - 10. Let u(a) = -a**2 + 6*a + 48. Let p be u(10). Let x(c) = p*y(c) - 3*t(c). Let g = 7 - -2. What is x(g)?
-8
Let m(r) = -7*r**3 + 13*r**2 - 15*r + 3. Let w = -457 - -450. Let z(x) = 8*x**3 - 17*x**2 + 16*x - 2. Let v(i) = w*m(i) - 6*z(i). What is v(-10)?
1
Let y(r) be the second derivative of -r**3/6 + 2*r**2 - 7*r. Let t be (15/(-18))/(4 + (-23)/6). Calculate y(t).
9
Let b(d) = 2*d + 19. Let m(z) = -15*z + 146. Let j(n) = -8*b(n) + m(n). Calculate j(0).
-6
Let s(j) = 1 - 20*j + 41*j + 17*j - 14*j - 20*j - 19*j. Let q(i) = -i**2 + 5*i + 2. Let l be q(5). Calculate s(l).
-29
Suppose 0 = -176*u + 1730 + 30. Let t(v) = v - 8. Calculate t(u).
2
Let d = -21164 + 21174. Let z(l) = l**2 - 12*l + 5. Calculate z(d).
-15
Let y = 22443 + -22448. Let f(c) = c**3 + 4*c**2 - 20*c - 72. Determine f(y).
3
Let o(k) = -34*k + 260 - 261 + 6*k - k**2. Calculate o(-28).
-1
Let i(c) = 20*c - 180. Let s(g) = -g**2 + 242*g + 993. Let